79/11 + 12/(-66). Suppose 0 = -f*u + 4*u + 4377. Is u composite?
False
Let a(b) = -49*b + 2. Let f(g) = g**2 - 9*g + 5. Suppose 5*t - 28 = -3*o, 0*t + 4*t + 2*o - 24 = 0. Let s be f(t). Is a(s) a prime number?
True
Let j(u) = 2*u**3 - 3*u**2 + 2. Let g be j(8). Let v = 1813 - g. Is v composite?
True
Suppose 0 = 2*u + u - 21. Let y = u - 2. Suppose 5*p - 2*z - 1863 = 0, 4*p + 0*p = -y*z + 1497. Is p prime?
True
Let z be -6*7/(-84)*4*1. Suppose z*r = 10, -5*s = -4*s + 5*r - 2522. Is s a prime number?
False
Let l(g) = g**3 + 12*g**2 - 20*g + 22. Let v be l(-16). Let k = 19 - v. Is k prime?
True
Let v(a) = -16*a**2 - 13*a - 6. Let w(c) = 8*c**2 + 6*c + 3. Let i(t) = -3*v(t) - 5*w(t). Let u be i(3). Let l = u + 7. Is l composite?
False
Let y(x) be the first derivative of -11*x**2/2 - 14*x + 7. Suppose -5*h - 44 = -5*w + w, -3*h - 48 = 3*w. Is y(h) a composite number?
True
Let v be ((-66)/24)/(1/4). Let a = 14 + v. Suppose 4*l = 3*w + 877, -a*l + 4*w = 2*l - 1095. Is l a composite number?
False
Let o(u) = 4*u + 2. Let n be o(5). Let z = n - 17. Suppose -z*l - 869 = -3*d, 0 = 6*d - 4*d + 3*l - 592. Is d a composite number?
False
Let i(n) = 8*n - 33. Let z(k) = k. Let f(p) = i(p) + 2*z(p). Is f(16) a prime number?
True
Let g = -33 + 37. Suppose b = g, -608 - 682 = -5*n - 5*b. Is n prime?
False
Let o(y) = -12*y**3 - 3*y**2 + 9*y + 7. Is o(-11) a prime number?
False
Suppose r - 13857 = -3*v, -2*v - 4*r + 13857 = v. Is v a composite number?
True
Suppose 3*g + 0*n + 1 = -2*n, 5*n + 34 = 3*g. Let c(m) = 75*m**2 + m - 5. Is c(g) composite?
False
Let i = 8 - 5. Suppose -i*t - 12 = -3. Let y(u) = 3*u**2 + 8*u + 3. Is y(t) a prime number?
False
Suppose -3*n = -3*r + 30615, -7*r = -3*r + 2*n - 40832. Is r composite?
True
Is (-21)/(-28)*102736/12 a composite number?
False
Suppose -m = -7*s + 6*s + 1, -4*s + 4 = m. Let l = 3 + -2. Is (s - (l + -20)) + 3 prime?
True
Let k(l) = -10*l**3 + l**2 + l - 1. Let d be k(1). Let y = 7 + d. Is 209 + 0 + y + 4 prime?
True
Suppose 0*z + 31 = 5*x - 2*z, 5*x + 5*z - 10 = 0. Suppose -4243 + 1458 = -x*d. Is d composite?
False
Let s(p) = p**3 + 5*p**2 + 1. Let j be s(-5). Let a be -6 - -10 - (1 - j). Suppose -38 - 38 = -a*z. Is z prime?
True
Let h(o) = 6*o + 13. Suppose 4*v = -2*p - 20, 26 = -5*v - 4*p + 2*p. Let z(u) = -u + 5. Let q be z(v). Is h(q) a prime number?
True
Let o(n) = -56*n**3 - 4*n**2 - 9*n + 11. Is o(-6) a composite number?
True
Let h = -1773 + 972. Let a = 760 - h. Is a a prime number?
False
Let p = -1588 + 6643. Suppose -5*o + 10 = 0, -5*v + p = -0*o + 5*o. Is v a composite number?
False
Suppose 0 = 13*a + 9 - 48. Suppose -3*l - 1609 = -5*j - 6*l, 6 = -a*l. Is j a prime number?
False
Suppose m + 4*m - 275 = 0. Suppose g - m - 282 = 0. Is g composite?
False
Let i = 58 + -86. Let a = 39 - i. Is a composite?
False
Is 1/1*6/((-42)/(-12761)) a composite number?
False
Is -3 + (-191898)/(-27) + (-8)/6 composite?
False
Let l(v) = 22*v - 7. Let t = -24 - -32. Is l(t) composite?
True
Let t(u) = 87*u**2 - 25*u + 159. Is t(19) composite?
False
Suppose -41*a = -44*a - 9, -3*a = -5*w + 170324. Is w a prime number?
False
Let r be (-2)/(1/(2 - 34)). Suppose r = -n - 3*w, -n + 2*n = 2*w - 39. Is (-1)/(2 - (-99)/n) composite?
True
Let b be -8*((-15)/(-6) - 3). Suppose 0 = p - b*p. Suppose -4*z + 309 + 199 = p. Is z composite?
False
Let a be -4*((-17391)/12 + -4). Suppose 520 = 3*x - a. Is x a composite number?
False
Let p = 53371 - 30182. Is p prime?
True
Suppose 6*b - 4*b - 196 = -4*o, 2*b - 211 = o. Suppose 0 = 3*y + 4*m - 937, y + 5*m + b - 431 = 0. Is y a prime number?
True
Is (-1190868)/(-49) - 6 - 32/(-56) a prime number?
False
Let a = 516 + 1329. Suppose -3*k + 7790 = -2*x + 2265, -x = k - a. Is k a composite number?
True
Let r(n) = 23*n**2 - 27*n - 13. Let j(v) = -v**2 - v. Let y(p) = 5*j(p) + r(p). Is y(-9) prime?
True
Let t(c) = c**3 + 16*c**2 + 3*c - 15. Suppose -l = -5*u + 2*l - 52, 2*u + 18 = 4*l. Is t(u) a prime number?
True
Let w = -872 - -6133. Is w a prime number?
True
Let d = 660 - -536. Let n = -399 + d. Is n composite?
False
Let k(j) = 9*j**3 + 4*j**2 - 3*j + 3. Let x be (-2 + -6 + -2)*8/(-20). Is k(x) a prime number?
True
Suppose -118*q = -101*q - 1649. Is q a prime number?
True
Suppose 119*c - 111*c = 18008. Is c a composite number?
False
Suppose 7*d - 7 = 56. Suppose 212 + 1219 = d*r. Is r composite?
True
Let b be 2451/76 - 1/4. Let v = b + -32. Suppose -o + 972 + 65 = v. Is o composite?
True
Suppose 80*n = 88*n - 81784. Is n prime?
True
Suppose d + 1779 = -0*d + 5*t, 2*d = -2*t - 3510. Let y = 2976 + d. Is y prime?
True
Let d(g) = 79*g + 26. Let r be d(3). Suppose -3*y - 4*h = -16, 4*h - 16 = -0*y - y. Suppose y = -0*a + a - r. Is a a composite number?
False
Suppose 10 = 5*z, -5*o - 9*z = -11*z - 23511. Is o a composite number?
False
Suppose -2*h - 129 = h. Let v = -19 - h. Is (7/(-4))/((-3)/v) a composite number?
True
Let l be (-400)/(-3) + (-4)/(-6). Suppose 0 = -14*q + 34 + 36. Suppose -39 + l = q*z. Is z a prime number?
True
Let w be (1 - -26)/(0 - (2 - 3)). Suppose 3*h - 5*j = 314, w - 376 = -3*h - 2*j. Is h a prime number?
True
Suppose 30*a = -38*a + 3210892. Is a a composite number?
True
Let d(h) = 2*h**2 - 9*h + 8. Let j be d(-12). Let b = j - 205. Is b a composite number?
False
Let a = 715 - 1872. Let p = 1942 + a. Is p composite?
True
Suppose 25 = 5*d, 3*h + 4*d + 232 = -462. Is (1 + -1 - -3)*h/(-6) a composite number?
True
Let r be (2/(-14) - -1)*14. Is (68/(-6))/(r/(-54)) a prime number?
False
Let d = 3810 + 307. Is d a composite number?
True
Is -6*3/(-4)*2412/54 a composite number?
True
Let w(v) = -3*v**3 - 4*v**2 - 6*v - 2. Let s be (4 + 1)*4/(-5). Let a be w(s). Suppose x + 136 = 4*o - 192, 2*o = 4*x + a. Is o a prime number?
True
Let t(v) = 226*v**2 + 37*v + 529. Is t(-12) prime?
False
Suppose -20 = -4*t, 0 = -5*d - 3*t + 504 + 776. Suppose 3*y - 261 = -3*s, -5*s - 6 = 19. Let o = d - y. Is o a prime number?
False
Let q(j) = -j**3 + 16 + 0*j**3 + 8*j**2 + 4*j**2 - 2*j**2 + 10*j. Let c be q(11). Suppose 9*n + 4*s = 4*n + 5499, -5 = -c*s. Is n composite?
True
Suppose 25695 = 5*r - 10*k, -4*r + 2*k - 7*k + 20608 = 0. Is r prime?
True
Suppose -14*m + 10*m + 5348 = 0. Is m a prime number?
False
Let y = -571 - -2330. Is y prime?
True
Suppose 3*x + 3*c = 4*x - 260, 0 = -3*x - 4*c + 754. Is x composite?
True
Suppose -30*v + 27785 = 6755. Is v prime?
True
Let c(q) = -q**2 - 9*q + 6. Let x be c(-10). Let b be 2*x*5/10. Let m = 3 - b. Is m a composite number?
False
Suppose 5*z = 171 + 699. Let p(a) = -a**2 - 35*a + 193. Let h be p(-39). Let f = z + h. Is f composite?
False
Let a = 14 + -6. Let l(c) = c**2 - 5*c + 27. Let k(z) = -z**2 + 8*z - 41. Let s(u) = 5*k(u) + 8*l(u). Is s(a) prime?
False
Suppose -2*j + 0*j - p = -6, -4*j = -3*p - 2. Suppose 5*t - 5*z + 4013 = 13093, 3641 = j*t + z. Is t a prime number?
False
Let h(p) = p - 8. Suppose -1 + 36 = 5*z. Let o be h(z). Is ((-999)/3)/o - 2 a composite number?
False
Let f(d) = 39*d + 57*d - 4 + 3 - 9. Is f(7) prime?
False
Suppose 0 = t - 5*s - 0 - 8, -4*s = 4*t - 8. Is 5198/t - (-9)/27 composite?
False
Let c = 1957 - 798. Is c composite?
True
Let p(x) = -x**2 - 11*x - 19. Let a be p(-6). Let l(g) = -g**2 - 21*g + 9. Let d(r) = -r**2 - 11*r + 4. Let y(o) = -5*d(o) + 3*l(o). Is y(a) composite?
True
Let c = -56 - -51. Let t(u) = -7*u**3 - 6*u**2 - 22. Is t(c) prime?
False
Let i be (-2)/(-6) + 532/(-57). Let m = i - -14. Let f(k) = 7*k**3 + 8*k**2 - 2*k - 4. Is f(m) prime?
True
Let l(n) = 2*n - 7. Let a be l(5). Let f = 2 - a. Is 2/f*14/(-4) a composite number?
False
Let x be (-73)/(-15) + 2/15. Let u be (1/(-3))/(x/(-15)). Is (-2 + 2 + u)*95 prime?
False
Is -3 + 370/(-4)*(-252)/7 a composite number?
True
Let q be (-1108)/10 - (-8)/(-40). Let z = q + 260. Is z prime?
True
Is (7 - 2)/((-6 - 1)/(-329)) a prime number?
False
Suppose -2*x = -2*t + 52, 7 + 25 = t + 5*x. Suppose 2*b = l + 21, 4*b - 2*l = -3*l + t. Is 1/b*-2*-172 composite?
False
Suppose 4*p + 210 + 30 = 0. Let z = 197 - p. Is z a prime number?
True
Let h = 7 + -4. Let q be 3 + 2 + 5/(5/(-2)). Is q + h*(5 + -1) prime?
False
Let s(w) = -w**3 - 5*w**2 - 7*w + 5. Let p be s(-6). Let c be 3 + -1 + p + 1. Is (1 - 0)*(c - -1) composite?
True
Let i(u) = 167*u**3 - 5*u**2 + 6. Let q be i(3). Suppose -